17).
-217
Let j(f) = 840*f - 13527. Give j(16).
-87
Let o(j) = j**2 - 365*j + 16320. Calculate o(52).
44
Let x(b) = 527*b - 7752. Determine x(16).
680
Let p(v) = v**2 - 173*v - 277136. What is p(-447)?
4
Let w(p) = -19696*p - 18723. What is w(-1)?
973
Let h(n) = -3*n**2 + 94557*n - 661832. What is h(7)?
-80
Let z(p) = 22*p**2 + 610*p + 3203. What is z(-20)?
-197
Let s(h) = 3*h**3 + 3*h**2 - 13*h + 18. Give s(0).
18
Let l(k) = -7*k**2 + 478*k + 3101. Calculate l(-6).
-19
Let v(h) = -h**3 + 73*h**2 + 2090*h + 13. Calculate v(95).
13
Let m(p) = 3216*p**3 - 4*p**2 + 169*p - 166. Give m(1).
3215
Let o(i) = 10*i**3 - 8*i**2 - 17*i - 56. What is o(6)?
1714
Let v(b) = 23*b**2 + 214*b + 470. What is v(-6)?
14
Let x(i) = i**2 + 5858*i + 81859. Calculate x(-14).
43
Let v(x) = 6*x**2 - 1097*x - 15097. Determine v(-14).
1437
Let f(d) = d**3 - 146*d**2 + 1251*d - 50. What is f(9)?
112
Let s(i) = -5*i**3 + 3*i**2 - 3918*i - 7848. Calculate s(-2).
40
Let g(b) = -b**3 + 257*b**2 - 311*b + 14357. What is g(256)?
277
Let w(y) = -63*y**2 + 809*y + 60. Calculate w(13).
-70
Let x(w) = -4*w**3 + 46*w**2 - 62*w + 423. Give x(11).
-17
Let b(k) = 579*k + 6463. Calculate b(-12).
-485
Let f(z) = 13*z**2 - 4503*z - 20933. Calculate f(351).
127
Let w(v) = -v**3 - 1488*v**2 - 45340*v - 252056. Determine w(-1457).
5
Let k(u) = -u**2 - 7109*u + 408459. Give k(57).
-3
Let n(a) = -90*a**2 + 15*a + 25. Calculate n(-3).
-830
Let l(h) = -5*h**3 - 5*h**2 - 2*h + 2. Calculate l(5).
-758
Let r(q) = 6*q**3 - 1711*q**2 - 8407*q - 869. Calculate r(290).
1
Let q(f) = 7*f**3 - 82*f**2 - 2003*f - 130. Determine q(-12).
2
Let n(p) = 47*p**2 + 196*p - 1313. Determine n(7).
2362
Let t(a) = -577*a**2 - 153*a - 314. Determine t(-2).
-2316
Let a(d) = -22248*d + 31681153. Determine a(1424).
1
Let t(p) = 2081238*p + 18731154. What is t(-9)?
12
Let l(r) = -5*r**2 + 35*r + 804. Calculate l(-15).
-846
Let o(i) = -13*i**2 + 11464*i + 24574. Calculate o(884).
-178
Let c(z) = -2*z**3 + 1253*z**2 + 107557*z + 1424. Determine c(703).
18
Let j(t) = -20*t**2 - 4277*t - 3488. Give j(-213).
133
Let m(g) = -205*g + 4363. Determine m(21).
58
Let k(n) = -691*n - 12710. Determine k(-18).
-272
Let v(u) = -u**3 - 404*u**2 + 2811*u + 974433. Give v(-405).
3
Let i(o) = -23*o**2 - 2798*o - 20065. Calculate i(-114).
-1
Let m(h) = -14*h**2 + 1387*h - 51. Give m(99).
48
Let h(a) = -84*a**3 + 16*a**2 + 30*a + 8. Give h(-2).
684
Let d(u) = 13605*u - 217682. Determine d(16).
-2
Let d(s) = 6767*s - 252. Calculate d(0).
-252
Let g(q) = 3*q**3 - 197*q**2 + 599*q - 4. Calculate g(3).
101
Let x(c) = -11*c**3 - 186*c**2 + 83*c + 1116. Calculate x(-17).
-6
Let s(o) = -o**3 + 51*o**2 - 222*o + 8531. What is s(50)?
-69
Let h(n) = -4675*n - 280598. Give h(-60).
-98
Let u(y) = 9711*y - 48921. Calculate u(5).
-366
Let n(r) = 2964*r**2 - 32611*r + 79. Calculate n(11).
2
Let i(v) = 76692*v + 460184. What is i(-6)?
32
Let h(c) = -74*c**2 - 156*c + 27. What is h(-2)?
43
Let k(w) = 261*w - 344. Calculate k(1).
-83
Let x(r) = -260*r**2 + 416*r + 1897. What is x(-4)?
-3927
Let q(k) = 8*k**3 - 103*k**2 + 78*k + 65. Give q(12).
-7
Let o(w) = -14*w**2 - 198*w - 219. Give o(-13).
-11
Let b(h) = -4*h**2 - 448*h - 10384. What is b(-82)?
-544
Let m(f) = -f**2 - 928*f + 972819. Determine m(626).
15
Let h(i) = -8*i**3 + 214*i**2 + 44*i + 67. Calculate h(27).
-203
Let i(f) = -176397*f - 176469. Calculate i(-1).
-72
Let i(l) = 3*l**2 - 29075*l + 174403. Calculate i(6).
61
Let a(o) = -o**3 - 133*o**2 - 333*o + 7410. What is a(-130)?
0
Let r(v) = -2*v**2 - 64*v - 537. What is r(-11)?
-75
Let t(p) = 1154*p + 13866. Calculate t(-12).
18
Let s(r) = -r**3 + 8*r**2 - 337*r + 1957. Give s(6).
7
Let p(l) = 1902*l - 32352. Calculate p(17).
-18
Let x(i) = -15*i**3 + 90*i**2 - 63*i + 353. Calculate x(6).
-25
Let x(z) = -2157*z + 408159. What is x(189)?
486
Let w(s) = -3*s**2 - 7260*s - 43443. What is w(-6)?
9
Let p(t) = -3080*t - 49513. Calculate p(-16).
-233
Let j(b) = 2*b**3 - 14*b**2 - 202*b + 1405. Give j(9).
-89
Let x(a) = -20239*a + 10645707. Calculate x(526).
-7
Let s(p) = 406*p**2 - 30*p - 15. Determine s(-1).
421
Let w(s) = 23*s**2 - 1264*s + 1196. What is w(54)?
8
Let k(t) = t**3 - 27*t**2 + 136*t + 61. Determine k(15).
-599
Let q(c) = 138994*c - 972956. Give q(7).
2
Let h(q) = -75442*q + 678948. What is h(9)?
-30
Let v(r) = 2*r**2 - 2597*r + 66080. What is v(26)?
-90
Let g(l) = 7682*l + 706744. Determine g(-92).
0
Let i(d) = -31*d - 2623. Give i(-50).
-1073
Let n(a) = 25*a**2 - 1947*a + 456. Determine n(78).
690
Let a(t) = -8*t**2 - 78*t + 203. Determine a(-13).
-135
Let g(t) = t**3 + 187*t**2 - 1998*t + 296. What is g(10)?
16
Let s(g) = -g**3 + 9*g**2 - 26*g + 24. Give s(3).
0
Let q(v) = 27*v**3 - 16*v**2 - 21*v + 29. Give q(5).
2899
Let u(m) = -m**2 + 5001*m + 1197670. Give u(-229).
0
Let d(s) = s**3 + 10*s**2 - 456*s - 4206. Determine d(-9).
-21
Let u(l) = -1140*l**2 - 14088*l - 4905. Determine u(-12).
-9
Let b(j) = -3*j**2 - 195*j + 3016. Calculate b(13).
-26
Let k(n) = 3416*n + 35593. Give k(-10).
1433
Let j(v) = -694*v + 144343. Give j(208).
-9
Let c(b) = -7*b**2 - 3192*b + 12856. Calculate c(4).
-24
Let n(m) = -303*m**2 - 5555*m + 3825. Calculate n(-19).
-13
Let p(a) = 48378*a + 1402957. What is p(-29)?
-5
Let a(u) = 4567*u + 13934. What is a(-3)?
233
Let u(h) = h**2 - 82*h + 1077. Calculate u(0).
1077
Let h(t) = -70*t + 14683. What is h(206)?
263
Let m(x) = -x**3 - 979*x**2 + 11268*x + 11031379. Determine m(-979).
7
Let w(u) = -4*u**3 + 21*u**2 - 763*u - 2488. Determine w(-3).
98
Let g(x) = 2*x**3 + 147*x**2 - 1402*x - 506. Give g(-82).
150
Let c(d) = 6*d**2 - 8944*d - 53611. Calculate c(-6).
269
Let d(f) = 771*f - 20044. Determine d(27).
773
Let z(l) = -44*l - 598. Give z(33).
-2050
Let d(o) = -4*o**3 - 9*o**2 + 337*o + 3145. Give d(-10).
2875
Let d(y) = 42*y**2 + 3516*y + 6864. Give d(-2).
0
Let g(u) = 728*u + 101202. Calculate g(-139).
10
Let h(i) = -9*i**3 + 140*i**2 + 73*i + 60. Calculate h(16).
204
Let f(h) = -11*h**3 + 200*h**2 - 190*h + 6871. Give f(19).
12
Let l(b) = -38*b**2 - 907*b - 4473. Give l(-7).
14
Let s(t) = t**3 - 685*t**2 - 2735*t - 14494. What is s(689)?
-25
Let m(k) = k**3 - 186*k**2 - 358*k + 66712. Determine m(186).
124
Let x(c) = 4*c**2 + 55*c + 11. Give x(8).
707
Let z(g) = 1783*g - 6911. Determine z(4).
221
Let b(j) = 354*j**2 + 2054*j + 1428. Calculate b(-5).
8
Let t(c) = -61*c - 9. Determine t(-9).
540
Let b(j) = -j**2 - 1277*j + 10262. Calculate b(8).
-18
Let s(o) = 5442*o - 97922. Calculate s(18).
34
Let j(a) = 3*a**3 + 23*a**2 + 10*a + 22. Calculate j(-4).
158
Let r(f) = 477*f**2 + 9515*f - 498. What is r(-20)?
2
Let m(k) = 4558*k - 65286. What is m(14)?
-1474
Let k(f) = 3*f**3 - 432*f**2 + 370*f - 53292. Determine k(144).
-12
Let j(u) = -63*u**2 - 177524*u + 177524. Determine j(1).
-63
Let m(p) = 20*p**3 - 24*p**2 + 127*p + 3. What is m(0)?
3
Let a(t) = 4*t**3 - 70*t**2 - 238*t + 723. What is a(20)?
-37
Let n(v) = -v**2 - 691*v + 19341. Calculate n(27).
-45
Let h(m) = -14*m**2 + 14*m - 120. Determine h(-6).
-708
Let d(c) = -272280*c - 272292. Give d(-1).
-12
Let v(j) = 1127847*j - 5639223. Determine v(5).
12
Let j(y) = 2*y**3 + 21*y**2 - 49*y - 187. Calculate j(5).
343
Let i(d) = 5*d**3 + 49*d**2 + 53*d + 87. What is i(-9)?
-66
Let f(c) = 88*c**2 + 586*c - 295. Give f(-7).
-85
Let l(d) = 91960*d - 1011554. Calculate l(11).
6
Let v(g) = -g**3 - 239*g**2 - 1402*g + 31. Calculate v(-6).
55
Let c(l) = -l**3 - 36*l**2 - 149*l + 262. Give c(-31).
76
Let u(a) = -a**3 + 3*a**2 - 305*a - 2625. Calculate u(-7).
0
Let a(n) = 487*n + 2391. Give a(-5).
-44
Let f(t) = 11879*t - 1473026. What is f(124)?
-30
Let p(s) = -s**3 + 7*s**2 - 7*s - 20. What is p(3)?
-5
Let s(y) = y**2 + 5971*y - 10. Determine s(0).
-10
Let s(v) = -739*v - 3541. Determine s(-5).
154
Let v(y) = 505*y**2 + 262*y + 571. What is v(-2)?
2067
Let a(x) = -2*x**3 - 22335*x**2 + 335478*x - 51. Calculate a(15).
-6
Let v(k) = 2*k**3 - 1446*k**2 - 45174*k - 4514. Give v(753).
4
Let b(u) = -5*u**2 + 181*u - 291. Determine b(36).
-255
Let f(j) = 2*j**3 + 638*j**2 - 645*j - 2198. What is f(-320)?
-598
Let j(w) = -7*w**3 + 197*w**2 - 46*w + 87. Calculate j(28).
-417
Let r(u) = 19*u**2 + 147*u + 188. Calculate r(-6).
-10
Let f(p) = -1759*p - 43587. Determine f(-25).